{"id":14172,"date":"2021-08-25T21:16:25","date_gmt":"2021-08-25T19:16:25","guid":{"rendered":"http:\/\/www.thibxl.be\/photos\/?post_type=envira&#038;p=14172"},"modified":"2021-08-25T21:16:25","modified_gmt":"2021-08-25T19:16:25","slug":"wagram-paris","status":"publish","type":"envira","link":"https:\/\/www.thibxl.be\/photos\/galeries\/wagram-paris\/","title":{"rendered":"Wagram (Paris)"},"author":1,"featured_media":1488,"template":"","gallery_data":{"id":14172,"gallery":{"1":{"status":"active","src":"https:\/\/www.thibxl.be\/photos\/wp-content\/uploads\/bus-31\/Bus-31-Paris-RATP-D\u00e9cembre-2010-2.jpg","title":"Bus 1713 sur la ligne 31 (RATP) \u00e0 Wagram (Paris)","link":"http:\/\/www.thibxl.be\/photos\/wp-content\/uploads\/bus-31\/Bus-31-Paris-RATP-D\u00e9cembre-2010-2.jpg","alt":"Bus 1713 sur la ligne 31 (RATP) \u00e0 Wagram (Paris)","caption":"Irisbus Agora L n\u00b01713 sur la ligne 31 (RATP) \u00e0 Wagram (Paris)","thumb":"","tags":[],"id":1489,"height":0,"width":0},"8":{"status":"active","src":"https:\/\/www.thibxl.be\/photos\/wp-content\/uploads\/m3\/M\u00e9tro-3-Paris-RATP-Juillet-2015-13.jpg","title":"M\u00e9tro 069 sur la ligne 3 (RATP) \u00e0 Wagram (Paris)","link":"http:\/\/www.thibxl.be\/photos\/wp-content\/uploads\/m3\/M\u00e9tro-3-Paris-RATP-Juillet-2015-13.jpg","alt":"M\u00e9tro 069 sur la ligne 3 (RATP) \u00e0 Wagram (Paris)","caption":"MF 67 n\u00b0069 sur la ligne 3 (RATP) \u00e0 Wagram (Paris)","thumb":"","tags":[],"id":5930,"height":0,"width":0},"3":{"status":"active","src":"https:\/\/www.thibxl.be\/photos\/wp-content\/uploads\/m3\/M\u00e9tro-3-Paris-RATP-Juillet-2015-4.jpg","title":"M\u00e9tro 069 sur la ligne 3 (RATP) \u00e0 Wagram (Paris)","link":"http:\/\/www.thibxl.be\/photos\/wp-content\/uploads\/m3\/M\u00e9tro-3-Paris-RATP-Juillet-2015-4.jpg","alt":"M\u00e9tro 069 sur la ligne 3 (RATP) \u00e0 Wagram (Paris)","caption":"MF 67 n\u00b0069 sur la ligne 3 (RATP) \u00e0 Wagram (Paris)","thumb":"","tags":[],"id":5921,"height":0,"width":0},"0":{"status":"active","src":"https:\/\/www.thibxl.be\/photos\/wp-content\/uploads\/m3\/M\u00e9tro-3-Paris-RATP-Juillet-2015-6.jpg","title":"M\u00e9tro 069 sur la ligne 3 (RATP) \u00e0 Wagram (Paris)","link":"http:\/\/www.thibxl.be\/photos\/wp-content\/uploads\/m3\/M\u00e9tro-3-Paris-RATP-Juillet-2015-6.jpg","alt":"M\u00e9tro 069 sur la ligne 3 (RATP) \u00e0 Wagram (Paris)","caption":"MF 67 n\u00b0069 sur la ligne 3 (RATP) \u00e0 Wagram (Paris)","thumb":"","tags":[],"id":5923,"height":0,"width":0},"7":{"status":"active","src":"https:\/\/www.thibxl.be\/photos\/wp-content\/uploads\/m3\/M\u00e9tro-3-Paris-RATP-Juillet-2015-14.jpg","title":"M\u00e9tro 015 sur la ligne 3 (RATP) \u00e0 Wagram (Paris)","link":"http:\/\/www.thibxl.be\/photos\/wp-content\/uploads\/m3\/M\u00e9tro-3-Paris-RATP-Juillet-2015-14.jpg","alt":"M\u00e9tro 015 sur la ligne 3 (RATP) \u00e0 Wagram (Paris)","caption":"MF 67 n\u00b0015 sur la ligne 3 (RATP) \u00e0 Wagram (Paris)","thumb":"","tags":[],"id":5931,"height":0,"width":0},"5":{"status":"active","src":"https:\/\/www.thibxl.be\/photos\/wp-content\/uploads\/m3\/M\u00e9tro-3-Paris-RATP-Juillet-2015-3.jpg","title":"M\u00e9tro 026G sur la ligne 3 (RATP) \u00e0 Wagram (Paris)","link":"http:\/\/www.thibxl.be\/photos\/wp-content\/uploads\/m3\/M\u00e9tro-3-Paris-RATP-Juillet-2015-3.jpg","alt":"M\u00e9tro 026G sur la ligne 3 (RATP) \u00e0 Wagram (Paris)","caption":"MF 67 n\u00b0026G sur la ligne 3 (RATP) \u00e0 Wagram (Paris)","thumb":"","tags":[],"id":5920,"height":0,"width":0},"6":{"status":"active","src":"https:\/\/www.thibxl.be\/photos\/wp-content\/uploads\/bus-31\/Bus-31-Paris-RATP-D\u00e9cembre-2010-1.jpg","title":"Bus 1713 sur la ligne 31 (RATP) \u00e0 Wagram (Paris)","link":"http:\/\/www.thibxl.be\/photos\/wp-content\/uploads\/bus-31\/Bus-31-Paris-RATP-D\u00e9cembre-2010-1.jpg","alt":"Bus 1713 sur la ligne 31 (RATP) \u00e0 Wagram (Paris)","caption":"Irisbus Agora L n\u00b01713 sur la ligne 31 (RATP) \u00e0 Wagram (Paris)","thumb":"","tags":[],"id":1488,"height":0,"width":0},"4":{"status":"active","src":"https:\/\/www.thibxl.be\/photos\/wp-content\/uploads\/bus-31\/Bus-31-Paris-RATP-D\u00e9cembre-2010-3.jpg","title":"Bus 1713 sur la ligne 31 (RATP) \u00e0 Wagram (Paris)","link":"http:\/\/www.thibxl.be\/photos\/wp-content\/uploads\/bus-31\/Bus-31-Paris-RATP-D\u00e9cembre-2010-3.jpg","alt":"Bus 1713 sur la ligne 31 (RATP) \u00e0 Wagram (Paris)","caption":"Irisbus Agora L n\u00b01713 sur la ligne 31 (RATP) \u00e0 Wagram (Paris)","thumb":"","tags":[],"id":1490,"height":0,"width":0},"2":{"status":"active","src":"https:\/\/www.thibxl.be\/photos\/wp-content\/uploads\/m3\/M\u00e9tro-3-Paris-RATP-Juillet-2015-2.jpg","title":"M\u00e9tro 015 sur la ligne 3 (RATP) \u00e0 Wagram (Paris)","link":"http:\/\/www.thibxl.be\/photos\/wp-content\/uploads\/m3\/M\u00e9tro-3-Paris-RATP-Juillet-2015-2.jpg","alt":"M\u00e9tro 015 sur la ligne 3 (RATP) \u00e0 Wagram (Paris)","caption":"MF 67 n\u00b0015 sur la ligne 3 (RATP) \u00e0 Wagram (Paris)","thumb":"","tags":[],"id":5919,"height":0,"width":0}},"config":{"sort_order":"1","type":"default","layout":"automatic","columns":"0","gallery_theme":"base","justified_margins":1,"justified_last_row":"nojustify","lazy_loading":1,"lazy_loading_delay":500,"gutter":0,"margin":0,"image_size":"default","square_size":false,"crop_width":640,"crop_height":480,"crop":0,"crop_position":"c","additional_copy_0":0,"additional_copy_title":0,"additional_copy_caption":0,"additional_copy_title_caption":0,"additional_copy_0_mobile":0,"additional_copy_title_mobile":0,"additional_copy_caption_mobile":0,"additional_copy_title_caption_mobile":0,"gallery_column_title_caption":"0","gallery_column_title_caption_mobile":"0","additional_copy_automatic_0":0,"additional_copy_automatic_title":0,"additional_copy_automatic_caption":0,"additional_copy_automatic_title_caption":0,"additional_copy_automatic_0_mobile":0,"additional_copy_automatic_title_mobile":0,"additional_copy_automatic_caption_mobile":0,"additional_copy_automatic_title_caption_mobile":0,"gallery_automatic_title_caption":"caption","gallery_automatic_title_caption_mobile":"0","justified_row_height":150,"description_position":"0","description":"","random":"1","sorting_direction":"ASC","image_sizes_random":[],"isotope":0,"lightbox_enabled":1,"gallery_link_enabled":1,"lightbox_theme":"base_dark","lightbox_image_size":"default","title_display":"float","lightbox_title_caption":"caption","arrows":1,"arrows_position":"inside","toolbar":0,"toolbar_title":0,"toolbar_position":"top","loop":1,"lightbox_open_close_effect":"fade","effect":"fade","supersize":0,"thumbnails_toggle":0,"thumbnails_hide":0,"image_counter":1,"thumbnails":1,"thumbnails_width":75,"thumbnails_height":50,"thumbnails_position":"bottom","thumbnails_custom_size":0,"mobile":1,"mobile_width":320,"mobile_height":240,"mobile_lightbox":1,"mobile_gallery_link_enabled":1,"mobile_arrows":1,"mobile_toolbar":1,"mobile_thumbnails":0,"mobile_touchwipe_close":0,"mobile_thumbnails_width":75,"mobile_thumbnails_height":50,"mobile_justified_row_height":80,"keyboard":true,"standalone_template":"","classes":["envira-default-gallery"],"rtl":0,"slug":"wagram-paris","custom_css":"#envira-gallery-124 {\r\n    \/* margin-bottom: 20px; *\/\r\n    \/* font-size: 18px; *\/\r\n    \/* font-family: \"roboto\"; *\/\r\n}","deeplinking":1,"download_all":0,"download_all_position":"below","download_all_label":"Download All Images","download":0,"download_custom_name":"","download_position":"top-left","download_image_size":"default","download_force":0,"password_protection_download":false,"download_invalid_password_message":false,"download_lightbox":0,"download_lightbox_position":"top-left","download_lightbox_force":0,"native_gallery_override":0,"fullscreen":0,"open_fullscreen":0,"protection":1,"protection_popup":0,"protection_message":"","protection_title":"","protection_button_text":"","slideshow":0,"autoplay":0,"slideshow_hover":0,"ss_speed":5000,"tags":1,"tags_filter":"","tags_position":"above","tags_all_enabled":1,"tags_all":"Toutes les photos","tags_sorting":"","tags_manual_sorting":[""],"tags_display":"","tags_scroll":0,"tags_mobile":1,"tags_count":0,"title":"Wagram (Paris)"}},"_links":{"self":[{"href":"https:\/\/www.thibxl.be\/photos\/wp-json\/wp\/v2\/envira-gallery\/14172"}],"collection":[{"href":"https:\/\/www.thibxl.be\/photos\/wp-json\/wp\/v2\/envira-gallery"}],"about":[{"href":"https:\/\/www.thibxl.be\/photos\/wp-json\/wp\/v2\/types\/envira"}],"author":[{"embeddable":true,"href":"https:\/\/www.thibxl.be\/photos\/wp-json\/wp\/v2\/users\/1"}],"wp:featuredmedia":[{"embeddable":true,"href":"https:\/\/www.thibxl.be\/photos\/wp-json\/wp\/v2\/media\/1488"}],"wp:attachment":[{"href":"https:\/\/www.thibxl.be\/photos\/wp-json\/wp\/v2\/media?parent=14172"}],"curies":[{"name":"wp","href":"https:\/\/api.w.org\/{rel}","templated":true}]}}

https://www.thibxl.be/photos/wp-content/uploads/bus-31/Bus-31-Paris-RATP-Décembre-2010-2.jpg

Bus 1713 sur la ligne 31 (RATP) à Wagram (Paris)

http://www.thibxl.be/photos/wp-content/uploads/bus-31/Bus-31-Paris-RATP-Décembre-2010-2.jpg

Irisbus Agora L n°1713 sur la ligne 31 (RATP) à Wagram (Paris)

https://www.thibxl.be/photos/wp-content/uploads/m3/Métro-3-Paris-RATP-Juillet-2015-13.jpg

Métro 069 sur la ligne 3 (RATP) à Wagram (Paris)

http://www.thibxl.be/photos/wp-content/uploads/m3/Métro-3-Paris-RATP-Juillet-2015-13.jpg

MF 67 n°069 sur la ligne 3 (RATP) à Wagram (Paris)

https://www.thibxl.be/photos/wp-content/uploads/m3/Métro-3-Paris-RATP-Juillet-2015-4.jpg

http://www.thibxl.be/photos/wp-content/uploads/m3/Métro-3-Paris-RATP-Juillet-2015-4.jpg

https://www.thibxl.be/photos/wp-content/uploads/m3/Métro-3-Paris-RATP-Juillet-2015-6.jpg

http://www.thibxl.be/photos/wp-content/uploads/m3/Métro-3-Paris-RATP-Juillet-2015-6.jpg

https://www.thibxl.be/photos/wp-content/uploads/m3/Métro-3-Paris-RATP-Juillet-2015-14.jpg

Métro 015 sur la ligne 3 (RATP) à Wagram (Paris)

http://www.thibxl.be/photos/wp-content/uploads/m3/Métro-3-Paris-RATP-Juillet-2015-14.jpg

MF 67 n°015 sur la ligne 3 (RATP) à Wagram (Paris)

https://www.thibxl.be/photos/wp-content/uploads/m3/Métro-3-Paris-RATP-Juillet-2015-3.jpg

Métro 026G sur la ligne 3 (RATP) à Wagram (Paris)

http://www.thibxl.be/photos/wp-content/uploads/m3/Métro-3-Paris-RATP-Juillet-2015-3.jpg

MF 67 n°026G sur la ligne 3 (RATP) à Wagram (Paris)

https://www.thibxl.be/photos/wp-content/uploads/bus-31/Bus-31-Paris-RATP-Décembre-2010-1.jpg

http://www.thibxl.be/photos/wp-content/uploads/bus-31/Bus-31-Paris-RATP-Décembre-2010-1.jpg

https://www.thibxl.be/photos/wp-content/uploads/bus-31/Bus-31-Paris-RATP-Décembre-2010-3.jpg

http://www.thibxl.be/photos/wp-content/uploads/bus-31/Bus-31-Paris-RATP-Décembre-2010-3.jpg

https://www.thibxl.be/photos/wp-content/uploads/m3/Métro-3-Paris-RATP-Juillet-2015-2.jpg

http://www.thibxl.be/photos/wp-content/uploads/m3/Métro-3-Paris-RATP-Juillet-2015-2.jpg
